{"id":414,"date":"2025-02-26T17:57:46","date_gmt":"2025-02-26T16:57:46","guid":{"rendered":"https:\/\/batiplatreprovence.com\/?page_id=414"},"modified":"2025-02-26T17:59:03","modified_gmt":"2025-02-26T16:59:03","slug":"chantier-realise-a-la-reillanne","status":"publish","type":"page","link":"https:\/\/batiplatreprovence.com\/index.php\/chantier-realise-a-la-reillanne\/","title":{"rendered":"Chantier r\u00e9alis\u00e9 \u00e0 la Reillanne, (04)"},"content":{"rendered":"\n<p>Retrouvez un aper\u00e7u du chantier que nous avons r\u00e9alis\u00e9 \u00e0 la R\u00e9\u00efanne<\/p>\n\n\n\n<div class=\"wp-block-group alignfull has-global-padding is-layout-constrained wp-container-core-group-is-layout-b25ccd55 wp-block-group-is-layout-constrained\" style=\"margin-top:0;margin-bottom:0;padding-top:var(--wp--preset--spacing--50);padding-right:var(--wp--preset--spacing--50);padding-bottom:var(--wp--preset--spacing--50);padding-left:var(--wp--preset--spacing--50)\">\n<div class=\"wp-block-columns alignwide is-layout-flex wp-container-core-columns-is-layout-ff4b9c61 wp-block-columns-is-layout-flex\" style=\"margin-top:0;margin-bottom:0\">\n<div class=\"wp-block-column is-layout-flow wp-container-core-column-is-layout-8a368f38 wp-block-column-is-layout-flow\">\n<figure class=\"wp-block-image size-large is-style-rounded is-style-rounded--1\"><img loading=\"lazy\" decoding=\"async\" width=\"1024\" height=\"768\" src=\"https:\/\/batiplatreprovence.com\/wp-content\/uploads\/2025\/02\/IMG_0588-2-1024x768.jpeg\" alt=\"\" class=\"wp-image-381\" style=\"aspect-ratio:4\/3;object-fit:cover\" srcset=\"https:\/\/batiplatreprovence.com\/wp-content\/uploads\/2025\/02\/IMG_0588-2-1024x768.jpeg 1024w, https:\/\/batiplatreprovence.com\/wp-content\/uploads\/2025\/02\/IMG_0588-2-300x225.jpeg 300w, https:\/\/batiplatreprovence.com\/wp-content\/uploads\/2025\/02\/IMG_0588-2-768x576.jpeg 768w, https:\/\/batiplatreprovence.com\/wp-content\/uploads\/2025\/02\/IMG_0588-2-1536x1152.jpeg 1536w, https:\/\/batiplatreprovence.com\/wp-content\/uploads\/2025\/02\/IMG_0588-2-2048x1536.jpeg 2048w\" sizes=\"auto, (max-width: 1024px) 100vw, 1024px\" \/><\/figure>\n\n\n\n<div style=\"height:var(--wp--preset--spacing--50)\" aria-hidden=\"true\" class=\"wp-block-spacer\"><\/div>\n\n\n\n<div class=\"wp-block-media-text is-stacked-on-mobile\"><figure class=\"wp-block-media-text__media\"><img loading=\"lazy\" decoding=\"async\" width=\"1024\" height=\"768\" src=\"https:\/\/batiplatreprovence.com\/wp-content\/uploads\/2025\/02\/IMG_0577-2-1024x768.jpeg\" alt=\"\" class=\"wp-image-383 size-full\" srcset=\"https:\/\/batiplatreprovence.com\/wp-content\/uploads\/2025\/02\/IMG_0577-2-1024x768.jpeg 1024w, https:\/\/batiplatreprovence.com\/wp-content\/uploads\/2025\/02\/IMG_0577-2-300x225.jpeg 300w, https:\/\/batiplatreprovence.com\/wp-content\/uploads\/2025\/02\/IMG_0577-2-768x576.jpeg 768w, https:\/\/batiplatreprovence.com\/wp-content\/uploads\/2025\/02\/IMG_0577-2-1536x1152.jpeg 1536w, https:\/\/batiplatreprovence.com\/wp-content\/uploads\/2025\/02\/IMG_0577-2-2048x1536.jpeg 2048w\" sizes=\"auto, (max-width: 1024px) 100vw, 1024px\" \/><\/figure><div class=\"wp-block-media-text__content\">\n<figure class=\"wp-block-image size-large is-resized\"><img loading=\"lazy\" decoding=\"async\" width=\"1024\" height=\"768\" src=\"https:\/\/batiplatreprovence.com\/wp-content\/uploads\/2025\/02\/IMG_0581-1024x768.jpeg\" alt=\"\" class=\"wp-image-385\" style=\"width:280px;height:auto\" srcset=\"https:\/\/batiplatreprovence.com\/wp-content\/uploads\/2025\/02\/IMG_0581-1024x768.jpeg 1024w, https:\/\/batiplatreprovence.com\/wp-content\/uploads\/2025\/02\/IMG_0581-300x225.jpeg 300w, https:\/\/batiplatreprovence.com\/wp-content\/uploads\/2025\/02\/IMG_0581-768x576.jpeg 768w, https:\/\/batiplatreprovence.com\/wp-content\/uploads\/2025\/02\/IMG_0581-1536x1152.jpeg 1536w, https:\/\/batiplatreprovence.com\/wp-content\/uploads\/2025\/02\/IMG_0581-2048x1536.jpeg 2048w\" sizes=\"auto, (max-width: 1024px) 100vw, 1024px\" \/><\/figure>\n<\/div><\/div>\n<\/div>\n\n\n\n<div class=\"wp-block-column is-layout-flow wp-container-core-column-is-layout-8a368f38 wp-block-column-is-layout-flow\">\n<div style=\"height:28px\" aria-hidden=\"true\" class=\"wp-block-spacer\"><\/div>\n\n\n\n<figure class=\"wp-block-image size-large is-style-rounded is-style-rounded--2\"><img loading=\"lazy\" decoding=\"async\" width=\"1024\" height=\"768\" src=\"https:\/\/batiplatreprovence.com\/wp-content\/uploads\/2025\/02\/IMG_0571-1024x768.jpeg\" alt=\"\" class=\"wp-image-382\" style=\"object-fit:cover\" srcset=\"https:\/\/batiplatreprovence.com\/wp-content\/uploads\/2025\/02\/IMG_0571-1024x768.jpeg 1024w, https:\/\/batiplatreprovence.com\/wp-content\/uploads\/2025\/02\/IMG_0571-300x225.jpeg 300w, https:\/\/batiplatreprovence.com\/wp-content\/uploads\/2025\/02\/IMG_0571-768x576.jpeg 768w, https:\/\/batiplatreprovence.com\/wp-content\/uploads\/2025\/02\/IMG_0571-1536x1152.jpeg 1536w, https:\/\/batiplatreprovence.com\/wp-content\/uploads\/2025\/02\/IMG_0571-2048x1536.jpeg 2048w\" sizes=\"auto, (max-width: 1024px) 100vw, 1024px\" \/><\/figure>\n\n\n\n<div style=\"height:67px\" aria-hidden=\"true\" class=\"wp-block-spacer\"><\/div>\n\n\n\n<div class=\"wp-block-media-text is-stacked-on-mobile\" style=\"grid-template-columns:51% auto\"><figure class=\"wp-block-media-text__media\"><img loading=\"lazy\" decoding=\"async\" width=\"1024\" height=\"768\" src=\"https:\/\/batiplatreprovence.com\/wp-content\/uploads\/2025\/02\/IMG_0597-1024x768.jpeg\" alt=\"\" class=\"wp-image-386 size-full\" srcset=\"https:\/\/batiplatreprovence.com\/wp-content\/uploads\/2025\/02\/IMG_0597-1024x768.jpeg 1024w, https:\/\/batiplatreprovence.com\/wp-content\/uploads\/2025\/02\/IMG_0597-300x225.jpeg 300w, https:\/\/batiplatreprovence.com\/wp-content\/uploads\/2025\/02\/IMG_0597-768x576.jpeg 768w, https:\/\/batiplatreprovence.com\/wp-content\/uploads\/2025\/02\/IMG_0597-1536x1152.jpeg 1536w, https:\/\/batiplatreprovence.com\/wp-content\/uploads\/2025\/02\/IMG_0597-2048x1536.jpeg 2048w\" sizes=\"auto, (max-width: 1024px) 100vw, 1024px\" \/><\/figure><div class=\"wp-block-media-text__content\">\n<figure class=\"wp-block-image size-large is-resized\"><img loading=\"lazy\" decoding=\"async\" width=\"1024\" height=\"768\" src=\"https:\/\/batiplatreprovence.com\/wp-content\/uploads\/2025\/02\/IMG_0615-3-1024x768.jpeg\" alt=\"\" class=\"wp-image-390\" style=\"width:288px;height:auto\" srcset=\"https:\/\/batiplatreprovence.com\/wp-content\/uploads\/2025\/02\/IMG_0615-3-1024x768.jpeg 1024w, https:\/\/batiplatreprovence.com\/wp-content\/uploads\/2025\/02\/IMG_0615-3-300x225.jpeg 300w, https:\/\/batiplatreprovence.com\/wp-content\/uploads\/2025\/02\/IMG_0615-3-768x576.jpeg 768w, https:\/\/batiplatreprovence.com\/wp-content\/uploads\/2025\/02\/IMG_0615-3-1536x1152.jpeg 1536w, https:\/\/batiplatreprovence.com\/wp-content\/uploads\/2025\/02\/IMG_0615-3-2048x1536.jpeg 2048w\" sizes=\"auto, (max-width: 1024px) 100vw, 1024px\" \/><\/figure>\n<\/div><\/div>\n<\/div>\n<\/div>\n<\/div>\n\n\n\n<div class=\"wp-block-media-text alignwide is-stacked-on-mobile\" style=\"grid-template-columns:30% auto\"><figure class=\"wp-block-media-text__media\"><img loading=\"lazy\" decoding=\"async\" width=\"1024\" height=\"768\" src=\"https:\/\/batiplatreprovence.com\/wp-content\/uploads\/2025\/02\/IMG_0620-1024x768.jpeg\" alt=\"\" class=\"wp-image-395 size-full\" srcset=\"https:\/\/batiplatreprovence.com\/wp-content\/uploads\/2025\/02\/IMG_0620-1024x768.jpeg 1024w, https:\/\/batiplatreprovence.com\/wp-content\/uploads\/2025\/02\/IMG_0620-300x225.jpeg 300w, https:\/\/batiplatreprovence.com\/wp-content\/uploads\/2025\/02\/IMG_0620-768x576.jpeg 768w, https:\/\/batiplatreprovence.com\/wp-content\/uploads\/2025\/02\/IMG_0620-1536x1152.jpeg 1536w, https:\/\/batiplatreprovence.com\/wp-content\/uploads\/2025\/02\/IMG_0620-2048x1536.jpeg 2048w\" sizes=\"auto, (max-width: 1024px) 100vw, 1024px\" \/><\/figure><div class=\"wp-block-media-text__content\">\n<div class=\"wp-block-media-text is-stacked-on-mobile\" style=\"grid-template-columns:52% auto\"><figure class=\"wp-block-media-text__media\"><img loading=\"lazy\" decoding=\"async\" width=\"1024\" height=\"768\" src=\"https:\/\/batiplatreprovence.com\/wp-content\/uploads\/2025\/02\/IMG_0621-1024x768.jpeg\" alt=\"\" class=\"wp-image-394 size-full\" srcset=\"https:\/\/batiplatreprovence.com\/wp-content\/uploads\/2025\/02\/IMG_0621-1024x768.jpeg 1024w, https:\/\/batiplatreprovence.com\/wp-content\/uploads\/2025\/02\/IMG_0621-300x225.jpeg 300w, https:\/\/batiplatreprovence.com\/wp-content\/uploads\/2025\/02\/IMG_0621-768x576.jpeg 768w, https:\/\/batiplatreprovence.com\/wp-content\/uploads\/2025\/02\/IMG_0621-1536x1152.jpeg 1536w, https:\/\/batiplatreprovence.com\/wp-content\/uploads\/2025\/02\/IMG_0621-2048x1536.jpeg 2048w\" sizes=\"auto, (max-width: 1024px) 100vw, 1024px\" \/><\/figure><div class=\"wp-block-media-text__content\">\n<figure class=\"wp-block-image size-large is-resized\"><img loading=\"lazy\" decoding=\"async\" width=\"1024\" height=\"768\" src=\"https:\/\/batiplatreprovence.com\/wp-content\/uploads\/2025\/02\/IMG_0616-2-1024x768.jpeg\" alt=\"\" class=\"wp-image-396\" style=\"width:348px;height:auto\" srcset=\"https:\/\/batiplatreprovence.com\/wp-content\/uploads\/2025\/02\/IMG_0616-2-1024x768.jpeg 1024w, https:\/\/batiplatreprovence.com\/wp-content\/uploads\/2025\/02\/IMG_0616-2-300x225.jpeg 300w, https:\/\/batiplatreprovence.com\/wp-content\/uploads\/2025\/02\/IMG_0616-2-768x576.jpeg 768w, https:\/\/batiplatreprovence.com\/wp-content\/uploads\/2025\/02\/IMG_0616-2-1536x1152.jpeg 1536w, https:\/\/batiplatreprovence.com\/wp-content\/uploads\/2025\/02\/IMG_0616-2-2048x1536.jpeg 2048w\" sizes=\"auto, (max-width: 1024px) 100vw, 1024px\" \/><\/figure>\n<\/div><\/div>\n<\/div><\/div>\n\n\n\n<div class=\"wp-block-columns alignwide is-layout-flex wp-container-core-columns-is-layout-28f84493 wp-block-columns-is-layout-flex\">\n<div class=\"wp-block-column is-layout-flow wp-block-column-is-layout-flow\">\n<figure class=\"wp-block-image size-large\"><img loading=\"lazy\" decoding=\"async\" width=\"768\" height=\"1024\" src=\"https:\/\/batiplatreprovence.com\/wp-content\/uploads\/2025\/02\/IMG_0626-1-768x1024.jpeg\" alt=\"\" class=\"wp-image-397\" srcset=\"https:\/\/batiplatreprovence.com\/wp-content\/uploads\/2025\/02\/IMG_0626-1-768x1024.jpeg 768w, https:\/\/batiplatreprovence.com\/wp-content\/uploads\/2025\/02\/IMG_0626-1-225x300.jpeg 225w, https:\/\/batiplatreprovence.com\/wp-content\/uploads\/2025\/02\/IMG_0626-1-1152x1536.jpeg 1152w, https:\/\/batiplatreprovence.com\/wp-content\/uploads\/2025\/02\/IMG_0626-1-1536x2048.jpeg 1536w, https:\/\/batiplatreprovence.com\/wp-content\/uploads\/2025\/02\/IMG_0626-1-scaled.jpeg 1920w\" sizes=\"auto, (max-width: 768px) 100vw, 768px\" \/><\/figure>\n<\/div>\n\n\n\n<div class=\"wp-block-column is-layout-flow wp-block-column-is-layout-flow\">\n<figure class=\"wp-block-image size-large\"><img loading=\"lazy\" decoding=\"async\" width=\"768\" height=\"1024\" src=\"https:\/\/batiplatreprovence.com\/wp-content\/uploads\/2025\/02\/IMG_0625-2-768x1024.jpeg\" alt=\"\" class=\"wp-image-399\" srcset=\"https:\/\/batiplatreprovence.com\/wp-content\/uploads\/2025\/02\/IMG_0625-2-768x1024.jpeg 768w, https:\/\/batiplatreprovence.com\/wp-content\/uploads\/2025\/02\/IMG_0625-2-225x300.jpeg 225w, https:\/\/batiplatreprovence.com\/wp-content\/uploads\/2025\/02\/IMG_0625-2-1152x1536.jpeg 1152w, https:\/\/batiplatreprovence.com\/wp-content\/uploads\/2025\/02\/IMG_0625-2-1536x2048.jpeg 1536w, https:\/\/batiplatreprovence.com\/wp-content\/uploads\/2025\/02\/IMG_0625-2-scaled.jpeg 1920w\" sizes=\"auto, (max-width: 768px) 100vw, 768px\" \/><\/figure>\n<\/div>\n\n\n\n<div class=\"wp-block-column is-layout-flow wp-block-column-is-layout-flow\">\n<div class=\"wp-block-cover is-light\" style=\"min-height:447px;aspect-ratio:unset;\"><span aria-hidden=\"true\" class=\"wp-block-cover__background has-background-dim-0 has-background-dim\" style=\"background-color:#818483\"><\/span><img loading=\"lazy\" decoding=\"async\" width=\"2560\" height=\"1920\" class=\"wp-block-cover__image-background wp-image-401\" alt=\"\" src=\"https:\/\/batiplatreprovence.com\/wp-content\/uploads\/2025\/02\/IMG_0627-4-scaled.jpeg\" data-object-fit=\"cover\" srcset=\"https:\/\/batiplatreprovence.com\/wp-content\/uploads\/2025\/02\/IMG_0627-4-scaled.jpeg 2560w, https:\/\/batiplatreprovence.com\/wp-content\/uploads\/2025\/02\/IMG_0627-4-300x225.jpeg 300w, https:\/\/batiplatreprovence.com\/wp-content\/uploads\/2025\/02\/IMG_0627-4-1024x768.jpeg 1024w, https:\/\/batiplatreprovence.com\/wp-content\/uploads\/2025\/02\/IMG_0627-4-768x576.jpeg 768w, https:\/\/batiplatreprovence.com\/wp-content\/uploads\/2025\/02\/IMG_0627-4-1536x1152.jpeg 1536w, https:\/\/batiplatreprovence.com\/wp-content\/uploads\/2025\/02\/IMG_0627-4-2048x1536.jpeg 2048w\" sizes=\"auto, (max-width: 2560px) 100vw, 2560px\" \/><div class=\"wp-block-cover__inner-container is-layout-flow wp-block-cover-is-layout-flow\">\n<p class=\"has-text-align-center has-large-font-size\"><\/p>\n<\/div><\/div>\n<\/div>\n<\/div>\n\n\n\n<p><\/p>\n","protected":false},"excerpt":{"rendered":"<p>Retrouvez un aper\u00e7u du chantier que nous avons r\u00e9alis\u00e9 \u00e0 la R\u00e9\u00efanne<\/p>\n","protected":false},"author":2,"featured_media":0,"parent":0,"menu_order":0,"comment_status":"closed","ping_status":"closed","template":"","meta":{"om_disable_all_campaigns":false,"_monsterinsights_skip_tracking":false,"_monsterinsights_sitenote_active":false,"_monsterinsights_sitenote_note":"","_monsterinsights_sitenote_category":0,"_uf_show_specific_survey":0,"_uf_disable_surveys":false,"footnotes":""},"class_list":["post-414","page","type-page","status-publish","hentry"],"aioseo_notices":[],"_links":{"self":[{"href":"https:\/\/batiplatreprovence.com\/index.php\/wp-json\/wp\/v2\/pages\/414","targetHints":{"allow":["GET"]}}],"collection":[{"href":"https:\/\/batiplatreprovence.com\/index.php\/wp-json\/wp\/v2\/pages"}],"about":[{"href":"https:\/\/batiplatreprovence.com\/index.php\/wp-json\/wp\/v2\/types\/page"}],"author":[{"embeddable":true,"href":"https:\/\/batiplatreprovence.com\/index.php\/wp-json\/wp\/v2\/users\/2"}],"replies":[{"embeddable":true,"href":"https:\/\/batiplatreprovence.com\/index.php\/wp-json\/wp\/v2\/comments?post=414"}],"version-history":[{"count":3,"href":"https:\/\/batiplatreprovence.com\/index.php\/wp-json\/wp\/v2\/pages\/414\/revisions"}],"predecessor-version":[{"id":424,"href":"https:\/\/batiplatreprovence.com\/index.php\/wp-json\/wp\/v2\/pages\/414\/revisions\/424"}],"wp:attachment":[{"href":"https:\/\/batiplatreprovence.com\/index.php\/wp-json\/wp\/v2\/media?parent=414"}],"curies":[{"name":"wp","href":"https:\/\/api.w.org\/{rel}","templated":true}]}}